 Suppose 2737 = q*k - d, 667 = k - d - 704. Is k composite?
True
Suppose 0 = -4*h - 19 - 9. Let n = h + 9. Suppose -12 = -n*c + 94. Is c a composite number?
False
Let o be (-12)/(-16) - 922/(-8). Let k = 2 - o. Let f = 233 - k. Is f prime?
True
Let q = 100 - 70. Let u be 5/q*3*0. Suppose -3*y = -u*y - 633. Is y a prime number?
True
Suppose 24 = 3*y + 3. Suppose -l + 5 = -2*r + 6, -2*r = -5*l - 29. Let q = y - l. Is q a composite number?
True
Suppose -5*y + 718 = -2*y + 4*b, -y + 3*b = -222. Let r(i) = 12*i + 1. Let k be r(-1). Let s = y + k. Is s composite?
False
Suppose 0 = -4*u + d - 2*d - 524, -5*d = -20. Let v = 31 - u. Is v prime?
True
Let c(n) = -n**3 + 41*n**2 + 73*n - 54. Is c(37) prime?
True
Is ((-3713)/553)/((-1)/2947) composite?
True
Let g be (4 - 4) + 1 + -3. Let w(i) = -194*i**3 - i**2 + 2. Let x be w(g). Suppose -5*p = -3*c - x, 0*p - 619 = -2*p + c. Is p a prime number?
True
Is (4/6)/(-6 + 389568/64926) a prime number?
True
Suppose 2*v + 3*v - 10 = 0. Let h(b) = -2*b**2 + 3*b**2 - 17 - v*b + 7. Is h(-5) a prime number?
False
Let w(q) be the third derivative of 17*q**8/4032 - q**7/2520 - q**6/720 + 2*q**5/15 - 5*q**2. Let c(p) be the third derivative of w(p). Is c(2) prime?
False
Suppose -2*y + 5*y - 3 = 0, 4*d - 2*y + 8078 = 0. Let j = d - -2832. Is j composite?
True
Let h = -50 + 58. Suppose 6740 = h*a - 11028. Is a a composite number?
False
Let z be 108/(-5) - 3/(-5). Let g = z - -23. Is 407 - g/(-3)*3 prime?
True
Suppose 2*x - 3*c - 23729 = 0, 4*c + 589 = -4*x + 48037. Is x prime?
True
Let y be (-1)/(1/9) + 1. Let b = y - -2. Is 10*(-33)/b + -2 a prime number?
True
Let b be (-4)/6*(-3)/2. Is (-2)/b - (-3125)/5 a composite number?
True
Let u = 53 + -44. Is (3/(u/3810))/2 a composite number?
True
Is (-7 + -10105)/(-8) + -5 prime?
True
Let i(j) be the second derivative of -j**6/120 + 11*j**5/60 - j**4/6 - 11*j**3/6 - 4*j**2 + 9*j. Let v(a) be the first derivative of i(a). Is v(9) composite?
True
Let s be (-52)/(-6)*6/4. Let x(g) = 3*g**2 - 11*g - 13. Let u be x(s). Let n = u - 44. Is n a composite number?
False
Suppose -4*h + 87320 = o + 2735, 3*o = -2*h + 42305. Is h a composite number?
True
Suppose -773 - 1292 = -5*h. Suppose -3*w = h - 1544. Let b = w + -220. Is b prime?
True
Let u be -1 + (-41 - 3) - -1. Let d = 66 + u. Is d composite?
True
Suppose -319935 = -43*q + 240226. Is q composite?
True
Let p = -390 + 895. Is p prime?
False
Let q be 215 - (0 - -2)*2. Suppose -3*x + q - 7 = 0. Let a = x + -35. Is a composite?
True
Let s be 5 + (-1 - 1) - -2. Suppose -s*u + 5*w - 15 = 0, 0 = 2*u - 3*w - w + 8. Let v(o) = -213*o - 7. Is v(u) a prime number?
True
Is 4/(-38) - 15251947/(-1273) prime?
True
Suppose 3*b = 2*p - 1866, 4*b - 2*p + 2487 = p. Is b/(-10) - (-8)/(-20) composite?
True
Is (3 - (-56)/(-14))*(-14968 + -1) a composite number?
False
Suppose -4*j = 2*p + 512, -65 = 3*p - 5*j + 648. Let i = -83 - p. Is i a composite number?
False
Suppose 4*o + 1 = -0*b + b, -4*o = 2*b - 2. Suppose -j + 3*j + b = n, 2*j = -n + 1. Suppose 2*w - 1346 = h, 0 = 5*w - j*w - 2*h - 3363. Is w a prime number?
False
Let t = 2084 + -969. Is 30/(-105) - t/(-7) composite?
True
Let n be -3 + (25 - 4)/3. Suppose 2*s + 614 = n*s. Is s a prime number?
True
Let s(l) = 14*l - l**3 + 0 - 5 - 2*l**2 + 13*l**2. Suppose 18*o - 5*o = 143. Is s(o) a prime number?
True
Suppose -2*g + d + 1260 = 4*d, 1258 = 2*g + 4*d. Is g prime?
False
Let z be (57/(-9))/(1/102). Let h = z - -3328. Suppose 2*d = 4*r - h, -5*r + 2014 = -2*r - d. Is r prime?
True
Suppose 3*z - 18*a - 3970 = -16*a, z = 2*a + 1326. Is z a composite number?
True
Suppose 5313 = t - 5*r, t = -t + 4*r + 10602. Is t a prime number?
False
Suppose 0 = c + c. Suppose c*g + 2*p = -2*g + 3064, 2*g = -3*p + 3064. Is 4/(-6) + g/12 a composite number?
False
Suppose 27245 = 7*n - 2*n - 3*z, -3*z = -n + 5449. Is n composite?
False
Suppose 2*m + 2*m - 12 = 0. Let u = 108 + m. Is u prime?
False
Let p = 23061 - 11362. Is p composite?
False
Suppose 5*p + 4*o - 88107 = 0, p + 0*o = 3*o + 17629. Is p prime?
True
Suppose -2*s - 55 = -l - 6*s, 125 = 2*l + 5*s. Suppose 2*h + 3*w = l, 5*w - 29 = -4. Let c = h + 59. Is c prime?
True
Suppose 5*p = 4*w - 2, 5*w + 3 = -4*p + 26. Suppose -16 = -2*t - p. Is (10 - t)/(3/83) prime?
True
Let x be (0/(-1 - 0))/2. Let f be 10/((4 + x)/8). Is (-5)/f + 548/16 composite?
True
Let l be (14/21)/(3/18). Suppose -l*q + 3688 = 4*p, -q - 1845 = -3*q - 3*p. Is q composite?
True
Let y(w) = -196*w - 4. Let o be y(4). Let k be 3*(-8)/(-12) - o. Suppose 5*a = z + k, -4*z = -5*a - 128 + 903. Is a composite?
True
Is (-9029)/((2 - -1)*12/(-36)) a composite number?
False
Suppose -42 = -7*x + 63. Is 584 + ((-3)/18 - x/18) composite?
True
Is (10 + (-70)/6)/((-2)/4206) a composite number?
True
Let x = -52 + 46. Is (x/(-9))/(2/1257) composite?
False
Suppose 0 = -0*q + 4*q + 4, 4*p - 5*q - 25 = 0. Suppose -3*s = 2*z - 147, 0 = -2*z + p*s - 0*s + 155. Let v = z - 4. Is v prime?
True
Let a(r) = -385*r + 7. Suppose 39 = -5*g + 9. Is a(g) a composite number?
True
Let p(k) be the second derivative of -k**4/12 + 7*k**3/2 - 43*k**2/2 - 9*k + 2. Is p(17) a composite number?
True
Suppose -10 - 8 = -2*w. Suppose 8*y + 3 = w*y. Suppose -t = 4*a - 47, a - y*a + 21 = t. Is a a prime number?
True
Is (-4)/26 - (-2691760)/208 composite?
False
Suppose 3*m - 2*n = -3*n - 35, 2*n = m + 14. Let s(l) = -l**3 - 13*l**2 - 13*l - 18. Let b be s(m). Is (-226)/b + 9/27 a prime number?
False
Let n(a) = a - 3. Suppose b + 10 = 16. Let g be n(b). Suppose g*s - 470 - 19 = 0. Is s prime?
True
Suppose -4*p + 7 = -5. Suppose -4*i = 4*o, -4*i + p*o + 16 = i. Suppose k - i*n + 5*n = 112, 5*n + 88 = k. Is k a prime number?
True
Suppose 520247 = 23*n - 289376. Is n prime?
True
Let o(n) = 10*n + 45 + 10*n + 14. Is o(19) composite?
False
Let q be 2/(-4)*(-164)/2. Let j = q - 29. Suppose -9*b = -j*b + 258. Is b a composite number?
True
Let k(q) = 6*q**3 + 3*q**2 + 2*q + 12. Is k(7) prime?
False
Is 5796 - -2*(-45)/18 prime?
True
Is (1/4*-2)/(65/(-5605210)) a prime number?
True
Let l(y) = 10*y**3 + 7*y**2 + 2*y - 8. Let w = 8 + -14. Let u be l(w). Let z = -973 - u. Is z prime?
False
Suppose 0 = -5*t + 15 + 15. Let i(n) = 3*n**3 - 7*n**2 + 7*n - 7. Is i(t) prime?
True
Let v(j) = -j - 4. Let u be v(2). Is ((2514/(-8))/3)/(u/24) a prime number?
True
Let r = 1649 + -431. Suppose 2*p = r - 324. Is p prime?
False
Is 2328 - ((-126)/(-3))/6 a prime number?
False
Let m(o) = -3*o - 3. Let d(c) = 2*c + 3. Let k(p) = -5*d(p) - 4*m(p). Let q be k(-13). Let u = -6 - q. Is u a prime number?
True
Suppose -2*c - 2 = -c. Let f = 1 - c. Suppose 0 = -f*m + m + 1006. Is m a composite number?
False
Suppose 4*c + 57*h - 54*h = 52381, -2*c + 26174 = -4*h. Is c a composite number?
False
Let u = 33508 - 23285. Is u a prime number?
True
Suppose -4*n + 16 = 0, -8*g = -7*g + 5*n - 12091. Is g composite?
False
Is 147162/10 + -9*(-56)/630 a composite number?
False
Let c(g) = -g**3 - 6*g**2 + 8*g + 10. Let m be c(-7). Suppose m*i - 56 + 20 = 0. Suppose -i*s = -13*s + 185. Is s composite?
True
Let a be 2/(-8) + (-6)/(-24). Suppose -2*q + 1 - 5 = a, -m + 131 = q. Suppose -5*n + 202 + m = 0. Is n a composite number?
False
Let v = 10 + -9. Let b(l) = 0 + 5*l - 3*l + 2*l - v. Is b(12) a composite number?
False
Let n = -6156 + 19985. Is n composite?
False
Let f = 58 - 86. Is ((-2)/8 - f/(-16)) + 295 a prime number?
True
Let z = -722 - -40089. Is z a composite number?
False
Let d(v) = v**3 + 3. Let s be d(0). Let i(y) = -5*y + 3. Let m be i(s). Is (0 + 3)*(-844)/m prime?
True
Let c = 3695 + -1578. Is c a composite number?
True
Suppose 29 = 2*c - 13. Is 15513/21 - ((-30)/c)/5 a prime number?
True
Is (-2928312)/(-160) + 13/260 a prime number?
False
Let y = 507 + -256. Is y a composite number?
False
Let b = 126 + 1015. Suppose 0 = 4*l + 263 + b. Is ((-14)/(-3))/((-18)/l) prime?
False
Suppose 232 = -2*y + 18. Suppose -2 = 2*d - 4*p - 0, -4*d = -2*p + 10. Is y*(d + 1) - 3 composite?
False
Suppose 29*u - 13 = 16. Let c = 7 - 10. Is c - -3*127 - u composite?
True
Suppose -r + 1149 = d, 3*d = 7*d - 3*r - 4624. Suppose 4*a + o = -0*o + 2309, d = 2*a - o. Is a composite?
False
Suppose 2*a - 5920 - 1812 = 0. Is a a composite number?
True
Let m(o) = o**2 + o + 356. Let i(k) = 2*k**2 + 2*k + 711. 